 -7 + (212 + -224 - (0 - 7)).
-12
Calculate -6 - (-10 + 6 - -2 - 0).
-4
What is -23 + 9 + -30 + 34?
-10
Evaluate -12 + 15 - ((1 - (-6 - -3)) + 0).
-1
Calculate 7 - (-22 + 28 - (1 - -6)).
8
Calculate (15 - (14 - 3)) + (0 - 0).
4
What is (-84 - -75) + (3 - -8) - (2 - 22)?
22
-23 + 28 + (-2 - (-4 - -2))
5
What is -7 - 6 - (-11 - 4)?
2
What is (-36 - -41) + (4 - (4 - (5 + -2)))?
8
Evaluate 45 + -8 + (-15 - -10 - -6).
38
What is -32 + (61 + -18 - 18)?
-7
What is -1 - 1 - 1 - -2 - (-252 - -230)?
21
Calculate -11 + 0 + (80 - 79).
-10
(-15 - (16 - 28) - (8 - 0)) + -3
-14
Evaluate 16 - (13 + (-9 - -16)).
-4
Calculate 3 + 2 + -1 + -10 - (-1 - 6).
1
What is the value of (46 + -52 - -39) + -62?
-29
Evaluate (-15 - -22 - 12 - 3) + -17.
-25
Calculate -11 - (18 + -13 - 27).
11
What is the value of ((5 - 11) + -3 - -29) + -5 + 8?
23
(-4 - -14) + -28 - (-2 + -6)
-10
155 - 144 - (-4 + 1)
14
What is 1 + -8 + (-6 - (34 + -11)) + 7?
-29
-32 - (34 + -87 - -36)
-15
Evaluate (47 - 5) + -77 + 40.
5
Calculate -44 + -38 + 46 - 0.
-36
What is the value of -281 - -280 - (0 - (2 + 5))?
6
9 - ((-5 - -17) + -16)
13
What is the value of 0 + (-3 + -43 - -24)?
-22
Evaluate 1 + -3 + -20 + 24 + -14.
-12
What is the value of -28 + 2 + 1 + (-1 - -4)?
-22
What is the value of -3 + -2 + ((3 - 4) + -6 - -24)?
12
What is the value of 3 + 1 + -3 + -15 + 9?
-5
Evaluate -20 - (6 + -11) - (17 + -11).
-21
What is 2 - (18 + 0 + 22 + -26)?
-12
(-2 - (0 - 7)) + (27 - 20) + -7
5
Evaluate (6 - (22 + (6 - 10))) + -1.
-13
What is the value of 3 + 1 + 66 + -58?
12
Evaluate -11 + (24 + -8 - -4).
9
What is the value of 2 + -11 - (-1 - 2) - (-6 + 12)?
-12
What is (46 - 69) + 0 + 0 + 7 + -7?
-23
What is the value of 2 + (27 + -53 - -19)?
-5
Calculate 21 - (1 + 21) - 7.
-8
18 + -16 + -21 - 2 - (-1 - 10)
-10
Calculate -3290 + 3295 + -1 + -18 + 1.
-13
14 + -1 + -11 + 3
5
What is the value of 1 + 5 + (-9 - 15) + 24?
6
What is the value of 342 + -352 - (-19 + -1)?
10
What is the value of -38 + 19 + 17 + (17 - 35)?
-20
Evaluate -23 + 31 + 2 + -21 + 7 + -1.
-5
Evaluate (-1 + 3 - -4) + -18.
-12
What is the value of 60 + -39 - -2 - -14?
37
Calculate -10 - -5 - -14 - (61 - 33).
-19
What is the value of -6 + (4 - (5 + -7 + 7) - 6)?
-13
What is the value of -2 + 0 + -368 + 361?
-9
Evaluate (-8 - 0) + (-35 - -2) + 69.
28
What is the value of -11 + 1 + (-33 - -81) + -16?
22
Evaluate (112 - 142) + 1 + 40.
11
Evaluate -3 - ((10 - 8) + 6 + 6 + -5).
-12
24 + -13 + 6 + -11 + 2
8
What is the value of 23 + (-10 - -40) + -62?
-9
-12 - (0 + -5 - -1 - -4)
-12
What is the value of (-316 - -322) + 1 + -2 + 0 + 5?
10
What is -72 - -60 - (-5 - -18)?
-25
What is the value of -1 - ((6 - 6) + -5)?
4
What is 5 + (-23 + 12 + 0 - (2 + -7))?
-1
Evaluate 15 + 16 - 21 - -13.
23
Evaluate (8 - -7) + 1 + -1.
15
(18 - (18 + -5)) + -6 - -8
7
What is 4 + (4 - 12 - (-11 + 4))?
3
Calculate -9 + 1 + 24 + -13 + -3 + 31.
31
Calculate 16 + -13 + -36 + 34.
1
Evaluate 14 - 11 - -2 - (1 - 4).
8
What is -18 - (5 - (20 - (9 + 8 + -9)))?
-11
(0 - 3) + 50 - 0 - (734 - 724)
37
Evaluate 16 - (-11 + 34 + 14).
-21
What is the value of 4 + 10 + -5 + -16?
-7
Evaluate (13 + -38 - -27) + 20.
22
What is -12 + 0 + 2 - (-517 - -512)?
-5
(-8 - (23 + -13) - 9) + 14
-13
Calculate (-6 - -13 - -4) + -10.
1
(7 - -1) + (-128 - -115)
-5
Evaluate -23 + (-11 - -9) + 28.
3
What is the value of (-3 - -9) + -40 + 51 + -2 + -4?
11
What is -37 - ((18 - 54) + 28)?
-29
What is (-13 - (5 - (-8 + 15))) + 5 + -1?
-7
What is 0 - -20 - (64 + -50)?
6
Calculate 3 - (8 + (-5 - (0 + -2))).
-2
Calculate -9 - (16 - (-14 + 45)).
6
Evaluate 70 - (-80 + 141) - (-2 - 1).
12
-15 + (33 - 15) - (2 - -1 - 2)
2
(-18 + 16 - (-2 - 1)) + 1 + -4
-2
What is 9 + (-12 - (8 - 7))?
-4
-2 - -8 - (-5 + 17 - -14)
-20
Calculate (-21 - (-2 - 19)) + (-5 - -2) + 3.
0
31 + -8 - -16 - 18
21
Calculate -9 + 5 + -5 + 4 + (0 - -1).
-4
What is -24 - -7 - (4 + (-12 - -5))?
-14
Calculate 0 + 5 + -4 + -1 + 5 + -5.
0
Calculate -94 - -96 - (2 + -7).
7
What is (-8 - (-4 - -4)) + (-18 - (-11 + 3))?
-18
Evaluate -1 + 5 + (16 + -15 - (-3 + 1)).
7
Calculate -2 + (56 - 53 - (1 - 18)).
18
Calculate (417 - 371) + (2 - 31).
17
8 - (18 + -2) - -10 - (0 + 2)
0
Evaluate (-1 - -3) + -8 - (-4 + (13 - 8)).
-7
What is the value of (9 - (16 - -6)) + 2 - -5?
-6
What is the value of (4 - (-16 + -14 + 40)) + (1 - -4)?
-1
Calculate -84 - -40 - (8 - 24).
-28
What is -1 - -8 - 10 - 5 - -11?
3
Calculate 1 - -1 - (34 - 50).
18
What is -12 - ((11 - 16) + -28)?
21
What is the value of 15 + (38 - 3) + -45?
5
Calculate -2 - -3 - ((-27 - -8) + 13).
7
Calculate 0 + -1 - (-153 + 149).
3
What is the value of 0 + 0 - (-7 - (-54 + 61))?
14
1 + (38 - 47 - (3 + 3))
-14
Calculate (132 - 124) + (-4 - -5 - (-22 - -2)).
29
What is the value of (-9 + 3 - -23 - (0 - -3)) + 4?
18
Evaluate 0 + 6 + (28 - -3) + -32.
5
Calculate -19 - (-20 - (14 + -1)).
14
What is the value of -73 - -87 - (4 + -5)?
15
Calculate (-4 - 10 - (1 + -12)) + -13.
-16
Evaluate (-14 - (-4 - 0)) + 27 + 1.
18
Calculate -47 + (-31 + 39 - -8).
-31
What is -5 + 8 - (29 + (10 - 15)) - -3?
-18
What is the value of (1 - -5) + (44 - 40)?
10
Evaluate 30 - (8 + 1 + 8).
13
Calculate -3 - 5 - 0 - (-107 + 124).
-25
Calculate 109 + -94 - (-3 - 1).
19
Evaluate 9 - (13 - -6 - 28).
18
What is 46 + -21 + -10 + -3 - (0 - 19)?
31
What is the value of 2 - (-7 + -9 - -8 - -7)?
3
Calculate (4 - 4) + -5 - (1 + (3 - 11)).
2
(15 - (-12 + 2 + 22)) + -6
-3
Evaluate -6 - ((20 - 10) + (-7 - -12 - -5)).
-26
Evaluate 7 + 3 + (-23 + 26 - 16).
-3
What is -13 + (-21 - -43) + 0?
9
What is -3 - -4 - (58 - 45)?
-12
What is the value of 2 + 13 + (5 - 13 - -16)?
23
5 + 1 - (-5 + 12 - 6)
5
6 + 4 + (1 - 11)
0
What is the value of 71 + 26 - 35 - 31?
31
Evaluate -2 + 5 + 2 + 2 + -20.
-13
What is 11 - (-30 + 72) - 0?
-31
Calculate -12 - -18 - (-6 + 7 - -7) - -2.
0
Calculate 32 - 15 - (3 + -2 + 5).
11
Evaluate -2 - (-62 + 48 - (-11 + 1)).
2
What is the value of 11 - (15 - -9) - -17 - (0 - -16)?
-12
Evaluate (2 - 14) + -25 + 20 - (6 - 1).
-22
What is the value of 1 + (10 - 21) + -1?
-11
What is 6 + 2 + (-33 - -28) - (0 + 22)?
-19
What is -30 - 4 - (-20 - (-6 - 7))?
-27
What is the value of -2 - ((8 - 7) + -1 - -2)?
-4
What is the value of 6 - (1 - 0) - 16?
-11
What is the value of -41 + 36 + (2 - 0 - 14)?
-17
Evaluate (-2 - 17) + (-5 - 3 - -16).
-11
Evaluate (13 + -43 - -20) + -2 + 1.
-11
What is the value of -62 - -59 - (3 + -4)?
-2
Evaluate -11 + (3 + 3 - -6) - (-6 + 2).
5
Calculate 1 + 4 + (-10 - (5 - 6)) + -6.
-10
What is -3 - 2 - (-13 + 34 + -7)?
-19
What is the value of (5 + -32 - -7) + 21?
1
(-41 - -68) + -24 + (4 - 2 - 13)
-8
46 + 52 + -84 - (-2 - -12)
4
What is 1 + 5 + -4 - 11 - (-2 - 13)?
6
What is -1 + 28 + (48 - (112 + -53))?
16
What is 2 - (10 - 15) - (-8 + 13)?
2
-3 - ((-6 - -1 - (33 - 39)) + -12)
8
Calculate (-8 - (-3 - -4)) + -1 - (213 - 209).
-14
What is the value of -8 + (-13 - -24) + 0 + -4?
-1
Calculate 8 - (-2 + -4 - ((17 - 20) + 0)).
11
Calculate -6 - ((6 - 17) + 4) - 4.
-3
Calculate -5 + (0 + 3 - (-7 + 5) - 8).
-8
Evaluate (8 + -25 - -17) + -4.
-4
-6 - (0 + -1 - (19 + -4))
10
Evaluate -29 + 46 + -10 + (0 - -1) + -13.
-5
What is the value of 32 - (18 - 7) - 17?
4
Calculate 1 + 13 + 303 + -303.
14
Calculate -2 + (143 - 139) + 1 + (-1 - -2).
4
16 - -16 - (7 - -25)
0
What is (3 + 10 - 10) + 5 + -5?
3
(-25 - 0) + (38 - (12 + 22))
-21
What is the value of -44 - -31 - (-8 + 16)?
-21
What is 0 + -2 + -67 + 71 + -7?
-5
Evaluate -25 - -2 - -74 - 32.
19
What is 1 - (6 - (-7 - (3 + (-6 - 2))))?
-7
What is the value of 16 - (1 + 20 + -10)?
5
Evaluate -26 - (-24 - (-26 + 48)).
20
-12 - (14 + 3 - 20)
-9
-11 - (12 + -15 - -10) - (0 - 3)
-15
What is (27 - (-10 + 26)) + 9?
20
What is -1 + 0 + -11 + -755 + 757?
-10
Evaluate 31 - 23 - (3 + 3).
2
What is the value of (3 - -2) + 0 + -14 - -1?
-8
Calculate -3 + -2 + 11 + -22.
-16
Calculate (-1 - (-15 + -11)) + -24.
1
What is -5 - -9 - (-2 + 0) - (95 + -75)?
-14
(-1 - -15) + -6 + 5
13
Calculate (4 + -38 - -12) + 23.
1
What is the value of 25 + (-62 - -21) + 13?
-3
What is 24 - (17 - -5 - 7)?
9
9 + (10 - (2 - (-13 - -3)))
7
Evaluate -7 + 4 + -4 + (-42 - -49) + 25.
25
Evaluate -26 + 23 + -5 + (-5 - (-2 - 1)).
-10
Calculate -3 - (-1 + 0 + 2).
-4
What is the value of 0 + -6 + (-6 - -13) + 6?
7
What is